 + 11 = -0*c. What is the highest common divisor of 32 and c?
16
Let f(w) = -57*w. Let b be f(-1). Let v(d) = -58*d - 136. Let q be v(-3). Calculate the highest common divisor of b and q.
19
Let h(a) = a**3 + a**2 + a - 2. Let f be h(-2). Let w be 3/((f/(-2))/44). Suppose 4*o - 3 = 3*o. Calculate the highest common factor of w and o.
3
Suppose -14*r + 15*r = 115. Calculate the greatest common divisor of r and 23.
23
Let g(o) = -32*o - 10. Let l be g(-11). Let h = 496 - l. What is the highest common factor of 14 and h?
14
Let k = 717 + -325. Calculate the highest common divisor of k and 35.
7
Suppose -4*o = r - 28, 13*r = 18*r + 2*o - 68. Suppose j + j - 24 = 0. Calculate the highest common factor of r and j.
12
Suppose -5*k - 597 = 4*b, 0 = -b - 4*k + 5*k - 156. Let h = 352 - 136. Let f = h + b. Calculate the highest common factor of 7 and f.
7
Let h be (-242)/(-2) - (5 - 5). Let r = -4 + 15. Calculate the highest common divisor of r and h.
11
Let i be ((-6)/(-4))/((-3)/(-6)). Let f be (-1 - -11)*i/6. Suppose f*b - 175 = -0*b. What is the greatest common divisor of b and 5?
5
Let y(l) = -12*l + 67. Let a(j) = -35*j + 200. Let d(s) = 6*a(s) - 17*y(s). Let z be d(10). Let o = 16 + -7. Calculate the greatest common factor of o and z.
1
Let s be 1032/27 + 46/(-207). Calculate the greatest common divisor of 190 and s.
38
Suppose 10*c - 119 = 261. Calculate the highest common factor of c and 10.
2
Suppose h = -3, -h + 42 + 5 = 2*l. What is the highest common divisor of 3 and l?
1
Suppose 3*l = -9 + 27. What is the greatest common divisor of l and 9?
3
Suppose 0*n = 5*n - 150. Suppose -9*k + 11*k - 8 = 0. Suppose k*o = -21 + 69. Calculate the highest common factor of n and o.
6
Suppose -4*l + 1109 = -607. Suppose 4*s - 14 = 6. Let a be 35 - (3 + -2 - s). Calculate the greatest common factor of l and a.
39
Let d be 605/22*266/35. What is the highest common factor of 11 and d?
11
Let s = 9 + -5. Let x be (-6*s/(-16))/((-3)/(-20)). Calculate the highest common divisor of 10 and x.
10
Let m(i) = -3*i**2 + 33*i + 14. Let u be m(6). What is the highest common divisor of 247 and u?
13
Suppose 2*o - 27 = 3*y, 5*o - 6*y = -9*y + 99. Calculate the highest common factor of 369 and o.
9
Let p = 2647 - 2492. Calculate the highest common factor of p and 217.
31
Suppose h - 99 = -5*c - 19, 4*h = -2*c + 14. Calculate the greatest common factor of c and 51.
17
Suppose -5*o - 5 + 90 = 0. Let n be (-136)/(-32)*(-1 - -5). What is the greatest common divisor of o and n?
17
Let n = -4 - -58. Let z = 130 - n. Calculate the highest common divisor of 114 and z.
38
Let p = 68 + -31. Let v = p - 27. What is the greatest common divisor of v and 6?
2
Suppose -7 = 3*k + 17. Suppose -18*v = -43 - 353. Let m = v + k. What is the highest common factor of m and 112?
14
Let b be (3 - (-28)/(-6))*6. Let n(r) = r**3 + 11*r**2 + 9*r - 4. Let m be n(b). What is the greatest common factor of 42 and m?
6
Let g be 2 - 1 - 1*-7. Let z = -52 - -42. Let n be 24/15 - (4/z + 1). Calculate the highest common factor of n and g.
1
Suppose -n + 5*o + 11 = 9*o, 57 = 4*n + 3*o. Calculate the highest common divisor of n and 195.
15
Suppose 15*p = -2*x + 13*p + 38, -4*x + 3*p + 83 = 0. Let b be (3 + 1)/((-2)/(-5)). What is the greatest common divisor of b and x?
10
Let b be (-31)/(-1)*3/3. Suppose -6*v + 4*v = -5*k + 203, 2*v - b = -k. Suppose 4*d - k = 5. Calculate the greatest common divisor of 88 and d.
11
Let q be (-210)/(-12)*-10*21/(-7). Calculate the highest common divisor of 210 and q.
105
Suppose 0*y + 14 = 2*y. Let w(h) = h**2 - 7*h + 9. Let j be w(y). Let f be (-15 + 5)/2 - -14. What is the highest common factor of f and j?
9
Let y = -761 - -817. Calculate the greatest common factor of y and 16.
8
Suppose -2*a = 3*a - 3*r - 2, -5*r - 20 = 0. Let i be 40/15*42 + a. What is the highest common factor of i and 44?
22
Let n(o) = -17*o**2 - 8*o - 11. Let p be n(-2). Let x = p + 85. What is the greatest common divisor of x and 55?
11
Suppose 9 - 29 = -u. Suppose -2*w + 33 - 29 = 0. Suppose 9 = -t + 5*y + 3, w*y = 4. Calculate the greatest common divisor of u and t.
4
Let q = -13 + 10. Let h = -18 - 0. Let y be h/(-54) - 35/q. Calculate the highest common divisor of 30 and y.
6
Let m be (-10 - 544/(-56)) + 426/21. What is the greatest common factor of 990 and m?
10
Let k be 80/12*9/(-6). Let u be k/4*630/(-25). Let p = u - 18. Calculate the greatest common factor of p and 5.
5
Let a(c) = 73*c + 12. Let m be a(3). Suppose -4*i = 3*v - 304, -4*v + 157 + m = i. Calculate the highest common divisor of v and 12.
12
Suppose -5*f + 115 = -10. What is the highest common divisor of 275 and f?
25
Suppose -3*a = 4*t + 248, -a - 3*t - 53 = 38. Let m = a - -171. What is the highest common divisor of m and 38?
19
Let d(v) = -5*v - 5. Let t be d(-3). Let r = -8 + t. Suppose -r*z - a + 18 = 0, 4*a = z + 9*a. What is the highest common factor of z and 110?
10
Suppose -1 = -n - 2*y + 4, 2*n + y - 10 = 0. What is the greatest common factor of n and 80?
5
Suppose 0 = 14*v - 50 - 118. Let z = 112 - 64. Calculate the greatest common factor of v and z.
12
Let b be ((-9)/4)/(1/(-4)). Let i(o) be the first derivative of 2*o**3/3 + o**2 + 3*o + 9. Let g be i(-6). What is the highest common factor of b and g?
9
Suppose -315 = -27*f + 12*f. Let z(n) = n**2 - 7*n + 3. Let w be z(7). Calculate the highest common divisor of w and f.
3
Suppose -11 = -4*f + 33. Let k be -33*(46/(-391) + (-30)/34). Calculate the highest common divisor of k and f.
11
Suppose -x + 36 = -3. Let w = 47 - x. Calculate the greatest common factor of 56 and w.
8
Suppose 5*g + 5*r + 1945 = 0, -3*g + g + 2*r - 758 = 0. Let u be ((g/9)/4)/((-2)/3). Suppose 4*q = 3*q + 4. Calculate the greatest common factor of q and u.
4
Let p = 20 + 12. Suppose 0 = 14*f - 55 + 797. Let b = -49 - f. What is the greatest common factor of p and b?
4
Let i = -76 + 100. What is the greatest common factor of 312 and i?
24
Let h be 8 + 0/((-4)/(-2)). Suppose 0 = -3*m + r + 13, 22*r - 17*r = 4*m - 21. Calculate the greatest common factor of h and m.
4
Suppose 2*a + r - 8 = -0*a, -8 = -4*r. Suppose -h = -4*s - 226, a*h - s + 2*s = 704. What is the highest common factor of 26 and h?
26
Suppose 306*n + 6727 = 313*n. What is the highest common factor of 31 and n?
31
Let i be (-6)/(6/(-3)) + 15. Let q be (-1)/(-2) + (-245)/(-14). Calculate the highest common factor of q and i.
18
Let g be 15/((-120)/32)*-2. What is the highest common factor of g and 116?
4
Let a = 87 + 65. Calculate the highest common factor of a and 684.
76
Let u = -17 + 22. Suppose 25 = -u*w - 65. Let t be (-7)/(21/w)*20. What is the greatest common divisor of 12 and t?
12
Suppose -4*w = 34 + 26. Let s be 5/w + (-148)/(-12). Calculate the highest common divisor of 4 and s.
4
Let t(k) = 5*k**2 + 10*k + 12. Let y(p) = p**2 + 1. Let d(a) = t(a) - 6*y(a). Let z be d(10). What is the greatest common divisor of 6 and z?
6
Suppose 4*p - 3 - 9 = 0. Suppose 42 = 3*c - p. Calculate the greatest common divisor of c and 30.
15
Suppose -2*f - f + 9 = 0. Suppose -8 = -f*q + 7. Suppose -3*t - 9 = 0, 1 = 2*m - m + q*t. Calculate the greatest common divisor of 48 and m.
16
Suppose 0 = -z + 3*z + 50. Let t(k) = -15*k + 2. Let f be t(-3). Let s = z + f. What is the greatest common divisor of s and 33?
11
Let k(b) = -2 + 3*b**3 + b**3 - 4*b**2 - 2*b**3. Let p be k(3). Suppose 0 = -6*d + 3 + 9. What is the highest common factor of p and d?
2
Suppose 2*h + 4*m = 3*h - 106, 0 = -5*h + 5*m + 605. Let s be (2 - 12/18)/((-4)/(-42)). What is the highest common factor of s and h?
14
Suppose -4*k + 2*v + 1852 = 0, -4*k + v + 1872 = 4*v. What is the highest common factor of 62 and k?
31
Let p(f) = -5*f**2 - 154*f - 68. Let y be p(-30). Calculate the highest common factor of 299 and y.
13
Suppose -69 = 14*b - 657. What is the greatest common divisor of 1134 and b?
42
Let l(o) = 16*o - 97. Let a be l(7). Calculate the greatest common divisor of 9 and a.
3
Let s(c) be the third derivative of c**4/6 - 5*c**3/3 - 15*c**2. Let q be s(3). Calculate the highest common divisor of q and 3.
1
Let u be (5 - 4)/(2/22). Let n(q) = -q**3 - 18*q**2 + 19*q + 11. Suppose 0*m = -2*m - 38. Let i be n(m). What is the greatest common factor of i and u?
11
Let w be 11/